?
False
Suppose -u + 4*t = -16, 0 = u + u + 3*t + 1. Let o(a) = -94*a**2 + 4*a - 21. Let q be o(u). Let p = q - -2690. Is p a composite number?
False
Let w be 0 + 3154 - 4*(-3)/3. Suppose 12632 = 4*g - p, -7*g + 6*g + w = p. Is g a composite number?
True
Let t = 679 - -802. Suppose 1534 = c + 4*j - t, -15033 = -5*c + j. Is c prime?
False
Let w = 215 - 95. Is (-1)/4 + 252390/w composite?
True
Let u(m) = -36*m**3 - 36*m**2 + 54*m + 17. Is u(-7) a prime number?
True
Let p = 73 - 71. Suppose 110 = 5*g - 5*d, 70 = -0*g + 3*g - p*d. Suppose -31*t + 4595 = -g*t. Is t a prime number?
True
Is 31624 - -1 - (168/(-8) + 19) composite?
False
Suppose 16 = -2*d - 2*u, -21 - 11 = 5*d + u. Is (-1342)/(-6) - ((-16)/d + -2) composite?
False
Let x = 533 + -533. Suppose 0 = -5*q + t + 114609, -5*t = -x*q - 5*q + 114625. Is q prime?
True
Let f(i) = -2*i**3 - 8*i**2 - 19*i + 19. Let o be ((-224)/21)/((-12)/(-18)). Is f(o) prime?
False
Let y = 2481 - 5293. Let j be ((7 + 6)*-1)/((-2)/y). Is 9*14/693 + j/(-22) a prime number?
False
Let d = 5251 - 3164. Suppose o + 1443 = 542. Let f = o + d. Is f prime?
False
Let y = 988 + -982. Suppose -193331 = -2*m + 3*h, y*m - 4*h - 193330 = 4*m. Is m a composite number?
False
Let l be 2/(-36)*-4 + 57946/63. Suppose -3*f - 77 + l = 0. Suppose q = 4*z + 69, 7*z = 5*q + 3*z - f. Is q a composite number?
False
Suppose 4*q + 4*x = 161348, -227*q + 230*q - 2*x - 121051 = 0. Is q composite?
True
Let c be (-9)/(-9) - 6/(-2). Suppose -4*u = -2*q + 1278, 217 = -2*u - c*q - 417. Let m = -68 - u. Is m prime?
True
Is (10/(-4))/((-25)/395630) prime?
True
Let z(b) = -144*b + 29. Let j be z(7). Suppose 3*d + 2021 = -37. Let w = d - j. Is w composite?
False
Suppose 40008 = 9*l - 63258. Let p = 2027 + l. Is p a composite number?
True
Let y be (-2 + 1)*2/4*156. Let t = -78 - y. Let g(m) = 2*m + 587. Is g(t) a composite number?
False
Let o(i) = 2*i**3 - 61*i**2 + i + 59. Suppose -5*n + 144 = -4*k, 12*k - 15*k = 2*n - 76. Is o(n) composite?
False
Let l = -157 + 232. Is 739825/l + (-4)/(-6) a prime number?
False
Let p = 1445897 - 574600. Is p a composite number?
True
Let f(y) = 44*y**2 + 70 + 15*y + 9*y - 38 + 49. Is f(13) a prime number?
True
Suppose 2*t + 5*v - 383512 = 0, 0 = t - 309*v + 305*v - 191717. Is t a composite number?
True
Let f(j) = -j + 1. Let v be f(-1). Let g be (48/10 - v)*1900. Suppose 0 = -4*i + g + 244. Is i composite?
True
Let a be 35931/59*(-10)/(-6). Suppose -k - 1812 = 3*k. Let l = a + k. Is l a prime number?
False
Let s(b) = 184986*b - 967. Is s(1) composite?
True
Suppose -19*x = -5*x + 25*x - 18836259. Is x prime?
False
Is 130578 - 2 - (-19 - -6) prime?
True
Let c(a) = 1120*a**2 - 20*a - 307. Is c(-16) a prime number?
True
Let n(a) = 3*a**3 - a**2 - 5*a - 4. Let d(m) be the first derivative of -m**3/3 + 3*m**2 + 3*m + 25. Let b be d(6). Is n(b) prime?
True
Suppose 0 = 3*w + 102 - 114. Suppose 8*c + 384 = -w*c. Is 12/c + 55094/16 a prime number?
False
Let x = 3477 - 2215. Is x a prime number?
False
Suppose -o = 5*g - 31 + 3, -5*o + 20 = g. Suppose -g*t - 778 = 2*v - 3381, 0 = t - 2*v - 523. Is t composite?
False
Suppose 3*p + 140981 - 3232675 = -13*g, -g - 4*p = -237849. Is g a composite number?
False
Suppose -14*w + 5616 = -13116. Suppose 5*h - 2434 - 897 = -x, 0 = -2*h + x + w. Is h a composite number?
True
Let g(i) = -i**3 + 3*i + 3. Let d be g(-3). Suppose -4*y + 46 = 3*b, 3*b - 4*y - 28 - 34 = 0. Suppose -b*v = -d*v + 1239. Is v a composite number?
True
Suppose 15*m = 19*m - 5*q - 648217, -3*q = 4*m - 648209. Is m a prime number?
True
Suppose -4*m + 23 = 3*n, -7*m + 3*m = 2*n - 22. Is m - ((-7952)/4)/1 prime?
True
Is (-730)/(-657) - (-5093657)/9 composite?
True
Suppose -3*t + 0*t + 15 = 0. Suppose -i = -t*i + 8. Suppose -4*p + 898 = -i*p. Is p a prime number?
True
Let v(f) = -2*f + 17. Let h be v(6). Suppose 20 = h*l, 2*l = -2*i - 257 + 34035. Suppose -13*z = -18*z + i. Is z a prime number?
False
Let z(w) = -12*w - 6 + 15*w + 6 - 3. Let f be z(3). Suppose -9*i + f*i + 3747 = 0. Is i composite?
False
Suppose 4*l = 5*l - 5*o - 26681, 5*l - 133429 = o. Suppose 7*s - 12297 = l. Is s a composite number?
False
Is -11 + 12 + 699885 + 3 composite?
True
Suppose n + 3*n = 16, -3*n = -2*t - 22. Let i = t - -736. Is i a prime number?
False
Let t = 19869 - 922. Is t composite?
False
Let i be (-6 + (5 - 0) - 12)/(-1). Let s(k) = 8*k**2 - 27*k + 122. Is s(i) a composite number?
False
Let j = -18630 + 91241. Suppose 8*a - j = -1227. Is a a prime number?
True
Let z(q) = -q**3 - 4*q**2 + q + 8. Let n be 2/(15/10 - 2). Let u be z(n). Suppose -u*r = -4513 - 3955. Is r prime?
False
Let y be ((-30)/(-10) - 1273)/(2/(-163)). Suppose -y = -3*q - 4*z, -6*z = -5*z - 2. Is q composite?
False
Let s(u) = -138*u + 27. Let q be s(6). Let m = q - -17404. Is m a composite number?
False
Let a(i) = 860*i**2 + 5*i + 41. Is a(-10) a prime number?
True
Suppose 3*v - a + 13 = 0, v + a + 3 = -8. Is 1/((-4)/v)*(-20528)/(-12) composite?
True
Let f(b) = -5536*b + 1859. Is f(-9) a composite number?
False
Let a(z) = 1908*z + 127. Is a(10) a prime number?
True
Let z = 202 - 164. Let g = z - -1043. Is g a composite number?
True
Suppose 8*h - 232788 = -76820. Suppose -45*d + 41*d + h = 0. Is d a composite number?
True
Let w = -178 + 161. Let b(t) = -t**2 - 72*t + 20. Is b(w) prime?
False
Suppose -7*f - m + 641345 = 0, 3*m + 16 = 10. Is f composite?
False
Let a(i) = i**3 - 12*i**2 + 78*i + 19. Let r be a(19). Let s = -825 + r. Is s composite?
False
Let j be (29/(-5) + 4)*-5 + -4. Suppose -j*d + 2493 = -4*l + 701, l + 3 = 0. Let c = d + -229. Is c prime?
True
Suppose -4*p + 67657 = 13*p - 178146. Is p prime?
False
Suppose 3*n - 4*k - 264 = 0, -2*n - 3*k + 5*k + 178 = 0. Let t = 199 - n. Let p = t + 6. Is p a prime number?
True
Suppose -4*j + 5*u = -131529, -4*j + 131527 = -590*u + 587*u. Is j a composite number?
True
Is 4667 - (12 + -16 + 5) prime?
False
Let h(f) = 0*f + 0*f + 5*f + 7 - 2 - 78*f**3 + 3*f**2 + 79*f**3. Let a(y) = y**3 + 4*y**2 - 1. Let w be a(-3). Is h(w) composite?
True
Let x(a) = 2653*a**2 - 20. Let m(j) = -884*j**2 + 7. Let u(l) = -17*m(l) - 6*x(l). Let t be u(1). Let o = 114 - t. Is o prime?
False
Let c(a) = a**3 - 5*a**2 - 7. Suppose -2*g + 2 = -h, 0*h = h + 3*g + 2. Let o(k) = -k**2 - 8*k - 4. Let x be o(h). Is c(x) a composite number?
True
Let z(g) = 40*g**2 + 516*g - 49. Is z(36) composite?
True
Suppose -6*j + 1283 + 3133 = 0. Suppose 2*a + j = 9932. Suppose -3*y + 8304 + 10019 = 4*s, -5*y = -s + a. Is s a composite number?
False
Let g(k) = 1677*k + 967. Is g(7) prime?
False
Let d(q) = -q**2 + 86*q + 160. Is d(77) a prime number?
True
Let b(i) = -i**3 + 18*i**2 - 34*i + 11. Let l be 20 + (-13)/((-52)/(-24)). Is b(l) composite?
True
Suppose -229878 = -10*p + 238972. Is p a composite number?
True
Suppose 2*n - 17196 = -4*r, n - 3*r - 3726 = 4882. Suppose 0 = -5*d + s + 31494, -4*s - n = -4*d + 16590. Is d a prime number?
True
Suppose 39*o = 42*o - 5556. Let m = o - 765. Is m a composite number?
False
Suppose -k = -p - 9, 0 = 5*k - 0*k - 2*p - 54. Let b(i) = -2*i + 24. Let d be b(k). Suppose d = -22*o + 27*o - 5975. Is o a prime number?
False
Let l(n) = n**3 - 9*n**2 + 4*n + 1. Let a be l(10). Suppose 271 = 4*k + k - 4*t, -3*k + a = 3*t. Is k composite?
True
Let k be 0*20/(-16)*4/10. Suppose k = 4*f + 2*u + 9372 + 14950, -3*u + 12141 = -2*f. Let m = f + 8632. Is m composite?
True
Suppose -206*p = -18956103 + 675457. Is p composite?
False
Let j(d) = 3*d**2 - 21*d + 2. Let n be j(7). Suppose 20596 = 4*c - 2*b, -n*c + 15445 = c - b. Is c prime?
True
Let o(n) = 177*n**2 + 296*n - 239. Is o(34) prime?
False
Let p(y) = 2588*y + 121. Let i be p(14). Let g = i + -20476. Is g a composite number?
False
Let n = 17427 + 60122. Is n prime?
True
Suppose 48587 = 3*j + 5*z, -3*j + 38*z + 48591 = 41*z. Is j prime?
False
Suppose -3*o + a = -17, -2*o + 7 = -0*o - 5*a. Suppose -4*x + 70 = o*x. Suppose -5*u - 794 = -x*u. Is u prime?
True
Suppose -15*i + 13*i = 0. Suppose -2 = t - i*t, 2*o = 5*t. Is (-2 - (-24552)/(-10))/2*o composite?
False
Let h be (-8)/(0 - (-5 + 3)). Suppose -3*y - 42 = -5*l, 0 = -y - 2*y - 5*l - 42. Is (2 - y)/h + 57 prime?
True
Let v = -601599 - -871450. Is v prime?
True
Let s be (-40)/(-24) + 38516/6. Let k = s - 2738. Is k a prime number?
Fal